{"id":19699,"date":"2018-09-18T19:42:27","date_gmt":"2018-09-18T19:42:27","guid":{"rendered":"http:\/\/novo.gruporazente.com.br\/?page_id=19699"},"modified":"2018-10-16T20:03:05","modified_gmt":"2018-10-16T20:03:05","slug":"apartamentos-para-loacacao","status":"publish","type":"page","link":"https:\/\/www.imobiliariamanzotti.com.br\/index.php\/apartamentos-para-loacacao\/","title":{"rendered":"Apartamentos para Loca\u00e7\u00e3o"},"content":{"rendered":"<p>[vc_row][vc_column]<div class=\"article_container slider_container bottom-estate_property nobutton\" ><div class=\"shortcode_slider_wrapper\" ><div class=\"shortcode_slider_list\" data-items-per-row=\"4\"  data-auto=\"1000\" ><div class=\" slider_prop_wrapper   \" >  \n\n\n\n<div class=\"col-md- shortcode-col has_4per_row  listing_wrapper\" data-org=\"4\" data-listid=\"28119\" > \n    <div class=\"property_listing   \" data-link=\"https:\/\/www.imobiliariamanzotti.com.br\/index.php\/imovel\/rua-flamengo-n-55-edificio-para\/\">\n        \n        <div class=\"listing-unit-img-wrapper\"><div class=\"prop_new_details\"><div class=\"prop_new_details_back\"><\/div><div class=\"property_media\"><i class=\"fa fa-camera\" aria-hidden=\"true\"><\/i> 11\n                <\/div><div class=\"property_location_image\"> \n                    <span class=\"property_marker\"><\/span><a href=\"https:\/\/www.imobiliariamanzotti.com.br\/index.php\/area\/nova-esperanca-centro\/\" rel=\"tag\">Centro<\/a>, <a href=\"https:\/\/www.imobiliariamanzotti.com.br\/index.php\/cidade\/nova-esperanca\/\" rel=\"tag\">Nova Esperan\u00e7a<\/a><\/div><\/div><a href=\"https:\/\/www.imobiliariamanzotti.com.br\/index.php\/imovel\/rua-flamengo-n-55-edificio-para\/\"><img width=\"525\" height=\"328\" src=\"https:\/\/www.imobiliariamanzotti.com.br\/wp-content\/uploads\/2026\/04\/11-525x328.jpeg\" class=\"lazyload img-responsive wp-post-image\" alt=\"\" decoding=\"async\" loading=\"lazy\" data-original=\"https:\/\/www.imobiliariamanzotti.com.br\/wp-content\/uploads\/2026\/04\/11-525x328.jpeg\" \/><\/a><\/div><div class=\"tag-wrapper\"><div class=\"ribbon-wrapper-default ribbon-wrapper-Loca\u00e7\u00e3o\"><div class=\"ribbon-inside Loca\u00e7\u00e3o\">Loca\u00e7\u00e3o<\/div><\/div><\/div>\n\n            <h4><a href=\"https:\/\/www.imobiliariamanzotti.com.br\/index.php\/imovel\/rua-flamengo-n-55-edificio-para\/\">\n                RUA FLAMENGO N\u00b0 55, EDIFICIO PAR\u00c1                <\/a> \n            <\/h4> \n            \n            <div class=\"listing_unit_price_wrapper\"><span class=\"price_label price_label_before\"><\/span> R$ 1.000 <span class=\"price_label\">por m\u00eas<\/span><\/div>        \n        \n        \n           \n        \n                            <div class=\"listing_details the_grid_view\">\n                    Im\u00f3vel em \u00f3tima localiza\u00e7\u00e3o contendo : 03 dormit\u00f3rios 01 banheiro social Sala Cozinha Lavanderia 01 Vaga\u00a0 na Garage <a href=\"https:\/\/www.imobiliariamanzotti.com.br\/index.php\/imovel\/rua-flamengo-n-55-edificio-para\/\" class=\"unit_more_x\">[more]<\/a>                <\/div>\n\n                <div class=\"listing_details the_list_view\">\n                    Im\u00f3vel em \u00f3tima localiza\u00e7\u00e3o contendo : 03 dormit\u00f3rios 01 banheiro social Sala Cozinha Lavanderia 01 Vaga\u00a0 na Garage <a href=\"https:\/\/www.imobiliariamanzotti.com.br\/index.php\/imovel\/rua-flamengo-n-55-edificio-para\/\" class=\"unit_more_x\">[more]<\/a>                <\/div>\n               \n\n\n            <div class=\"property_listing_details\">\n                 <span class=\"inforoom\">3<\/span><span class=\"infobath\">1<\/span><a href=\"https:\/\/www.imobiliariamanzotti.com.br\/index.php\/imovel\/rua-flamengo-n-55-edificio-para\/\" class=\"unit_details_x\">full info<\/a>            <\/div>\n               \n            <div class=\"property_location\">\n                    \n                                        <div class=\"property_agent_wrapper\">\n                        <div class=\"property_agent_image\" style=\"background-image:url('https:\/\/www.imobiliariamanzotti.com.br\/wp-content\/uploads\/2026\/04\/11-120x120.jpeg')\"><\/div> \n                        <div class=\"property_agent_image_sign\"><i class=\"fa fa-user-circle-o\" aria-hidden=\"true\"><\/i><\/div>\n                        imobiliariamanzotti                    <\/div>\n                \n                                                  <div class=\"listing_actions\">\n\n                                <div class=\"share_unit\">\n                                    <a href=\"https:\/\/www.facebook.com\/sharer.php?u=https:\/\/www.imobiliariamanzotti.com.br\/index.php\/imovel\/rua-flamengo-n-55-edificio-para\/&amp;t=RUA+FLAMENGO+N%C2%B0+55%2C+EDIFICIO+PAR%C3%81\" target=\"_blank\" class=\"social_facebook\"><\/a>\n                                    <a href=\"https:\/\/twitter.com\/home?status=RUA+FLAMENGO+N%C2%B0+55%2C+EDIFICIO+PAR%C3%81+https%3A%2F%2Fwww.imobiliariamanzotti.com.br%2Findex.php%2Fimovel%2Frua-flamengo-n-55-edificio-para%2F\" class=\"social_tweet\" target=\"_blank\"><\/a>\n                                    <a href=\"https:\/\/plus.google.com\/share?url=https:\/\/www.imobiliariamanzotti.com.br\/index.php\/imovel\/rua-flamengo-n-55-edificio-para\/\" onclick=\"javascript:window.open(this.href,'', 'menubar=no,toolbar=no,resizable=yes,scrollbars=yes,height=600,width=600');return false;\" target=\"_blank\" class=\"social_google\"><\/a> \n                                    <a href=\"https:\/\/pinterest.com\/pin\/create\/button\/?url=https:\/\/www.imobiliariamanzotti.com.br\/index.php\/imovel\/rua-flamengo-n-55-edificio-para\/&amp;media=https:\/\/www.imobiliariamanzotti.com.br\/wp-content\/uploads\/2026\/04\/11-720x790.jpeg&amp;description=RUA+FLAMENGO+N%C2%B0+55%2C+EDIFICIO+PAR%C3%81\" target=\"_blank\" class=\"social_pinterest\"><\/a>\n                                <\/div>\n\n\n\n                                <span class=\"share_list\"  data-original-title=\"share\" ><\/span>\n                                <span class=\"icon-fav icon-fav-off\" data-original-title=\"adicionar aos favoritos\" data-postid=\"28119\"><\/span>\n\n                                                            <\/div>\n                        <\/div>        <\/div>             \n    <\/div>\n\n<\/div><div class=\" slider_prop_wrapper   \" >  \n\n\n\n<div class=\"col-md- shortcode-col has_4per_row  listing_wrapper\" data-org=\"4\" data-listid=\"27871\" > \n    <div class=\"property_listing   \" data-link=\"https:\/\/www.imobiliariamanzotti.com.br\/index.php\/imovel\/avenida-14-de-dezembro-789-condominio-manza\/\">\n        \n        <div class=\"listing-unit-img-wrapper\"><div class=\"prop_new_details\"><div class=\"prop_new_details_back\"><\/div><div class=\"property_media\"><i class=\"fa fa-camera\" aria-hidden=\"true\"><\/i> 17\n                <\/div><div class=\"property_location_image\"> \n                    <span class=\"property_marker\"><\/span><a href=\"https:\/\/www.imobiliariamanzotti.com.br\/index.php\/area\/nova-esperanca-centro\/\" rel=\"tag\">Centro<\/a>, <a href=\"https:\/\/www.imobiliariamanzotti.com.br\/index.php\/cidade\/nova-esperanca\/\" rel=\"tag\">Nova Esperan\u00e7a<\/a><\/div><\/div><a href=\"https:\/\/www.imobiliariamanzotti.com.br\/index.php\/imovel\/avenida-14-de-dezembro-789-condominio-manza\/\"><img width=\"525\" height=\"328\" src=\"https:\/\/www.imobiliariamanzotti.com.br\/wp-content\/uploads\/2026\/01\/20181217_134155-525x328.jpg\" class=\"lazyload img-responsive wp-post-image\" alt=\"\" decoding=\"async\" loading=\"lazy\" data-original=\"https:\/\/www.imobiliariamanzotti.com.br\/wp-content\/uploads\/2026\/01\/20181217_134155-525x328.jpg\" \/><\/a><\/div><div class=\"tag-wrapper\"><\/div>\n\n            <h4><a href=\"https:\/\/www.imobiliariamanzotti.com.br\/index.php\/imovel\/avenida-14-de-dezembro-789-condominio-manza\/\">\n                Avenida 14 de dezembro, 789 Condom\u00ednio Manza                <\/a> \n            <\/h4> \n            \n            <div class=\"listing_unit_price_wrapper\"><span class=\"price_label price_label_before\"><\/span> R$ 862 <span class=\"price_label\">por m\u00eas<\/span><\/div>        \n        \n        \n           \n        \n                            <div class=\"listing_details the_grid_view\">\n                    01 Quarto Sala\/Cozinha Banheiro Social Lavanderia Garagem coberta Valor do aluguel: R$862,00 (Incluso \u00e1gua , g\u00e1s e  <a href=\"https:\/\/www.imobiliariamanzotti.com.br\/index.php\/imovel\/avenida-14-de-dezembro-789-condominio-manza\/\" class=\"unit_more_x\">[more]<\/a>                <\/div>\n\n                <div class=\"listing_details the_list_view\">\n                    01 Quarto Sala\/Cozinha Banheiro Social Lavanderia Garagem coberta Valor do aluguel: R$862,00 (Incluso \u00e1gua , g\u00e1s e  <a href=\"https:\/\/www.imobiliariamanzotti.com.br\/index.php\/imovel\/avenida-14-de-dezembro-789-condominio-manza\/\" class=\"unit_more_x\">[more]<\/a>                <\/div>\n               \n\n\n            <div class=\"property_listing_details\">\n                 <span class=\"inforoom\">1<\/span><span class=\"infobath\">1<\/span><a href=\"https:\/\/www.imobiliariamanzotti.com.br\/index.php\/imovel\/avenida-14-de-dezembro-789-condominio-manza\/\" class=\"unit_details_x\">full info<\/a>            <\/div>\n               \n            <div class=\"property_location\">\n                    \n                                        <div class=\"property_agent_wrapper\">\n                        <div class=\"property_agent_image\" style=\"background-image:url('https:\/\/www.imobiliariamanzotti.com.br\/wp-content\/uploads\/2026\/01\/20181217_134155-120x120.jpg')\"><\/div> \n                        <div class=\"property_agent_image_sign\"><i class=\"fa fa-user-circle-o\" aria-hidden=\"true\"><\/i><\/div>\n                        imobiliariamanzotti                    <\/div>\n                \n                                                  <div class=\"listing_actions\">\n\n                                <div class=\"share_unit\">\n                                    <a href=\"https:\/\/www.facebook.com\/sharer.php?u=https:\/\/www.imobiliariamanzotti.com.br\/index.php\/imovel\/avenida-14-de-dezembro-789-condominio-manza\/&amp;t=Avenida+14+de+dezembro%2C+789+Condom%C3%ADnio+Manza\" target=\"_blank\" class=\"social_facebook\"><\/a>\n                                    <a href=\"https:\/\/twitter.com\/home?status=Avenida+14+de+dezembro%2C+789+Condom%C3%ADnio+Manza+https%3A%2F%2Fwww.imobiliariamanzotti.com.br%2Findex.php%2Fimovel%2Favenida-14-de-dezembro-789-condominio-manza%2F\" class=\"social_tweet\" target=\"_blank\"><\/a>\n                                    <a href=\"https:\/\/plus.google.com\/share?url=https:\/\/www.imobiliariamanzotti.com.br\/index.php\/imovel\/avenida-14-de-dezembro-789-condominio-manza\/\" onclick=\"javascript:window.open(this.href,'', 'menubar=no,toolbar=no,resizable=yes,scrollbars=yes,height=600,width=600');return false;\" target=\"_blank\" class=\"social_google\"><\/a> \n                                    <a href=\"https:\/\/pinterest.com\/pin\/create\/button\/?url=https:\/\/www.imobiliariamanzotti.com.br\/index.php\/imovel\/avenida-14-de-dezembro-789-condominio-manza\/&amp;media=https:\/\/www.imobiliariamanzotti.com.br\/wp-content\/uploads\/2026\/01\/20181217_134155.jpg&amp;description=Avenida+14+de+dezembro%2C+789+Condom%C3%ADnio+Manza\" target=\"_blank\" class=\"social_pinterest\"><\/a>\n                                <\/div>\n\n\n\n                                <span class=\"share_list\"  data-original-title=\"share\" ><\/span>\n                                <span class=\"icon-fav icon-fav-off\" data-original-title=\"adicionar aos favoritos\" data-postid=\"27871\"><\/span>\n\n                                                            <\/div>\n                        <\/div>        <\/div>             \n    <\/div>\n\n<\/div><\/div><\/div><\/div>[\/vc_column][\/vc_row]<\/p>\n","protected":false},"excerpt":{"rendered":"<p>[vc_row][vc_column][\/vc_column][\/vc_row]<\/p>\n","protected":false},"author":1,"featured_media":0,"parent":0,"menu_order":0,"comment_status":"closed","ping_status":"closed","template":"","meta":[],"_links":{"self":[{"href":"https:\/\/www.imobiliariamanzotti.com.br\/index.php\/wp-json\/wp\/v2\/pages\/19699"}],"collection":[{"href":"https:\/\/www.imobiliariamanzotti.com.br\/index.php\/wp-json\/wp\/v2\/pages"}],"about":[{"href":"https:\/\/www.imobiliariamanzotti.com.br\/index.php\/wp-json\/wp\/v2\/types\/page"}],"author":[{"embeddable":true,"href":"https:\/\/www.imobiliariamanzotti.com.br\/index.php\/wp-json\/wp\/v2\/users\/1"}],"replies":[{"embeddable":true,"href":"https:\/\/www.imobiliariamanzotti.com.br\/index.php\/wp-json\/wp\/v2\/comments?post=19699"}],"version-history":[{"count":4,"href":"https:\/\/www.imobiliariamanzotti.com.br\/index.php\/wp-json\/wp\/v2\/pages\/19699\/revisions"}],"predecessor-version":[{"id":20238,"href":"https:\/\/www.imobiliariamanzotti.com.br\/index.php\/wp-json\/wp\/v2\/pages\/19699\/revisions\/20238"}],"wp:attachment":[{"href":"https:\/\/www.imobiliariamanzotti.com.br\/index.php\/wp-json\/wp\/v2\/media?parent=19699"}],"curies":[{"name":"wp","href":"https:\/\/api.w.org\/{rel}","templated":true}]}}